{"id":96,"date":"2025-02-25T17:40:32","date_gmt":"2025-02-25T17:40:32","guid":{"rendered":"https:\/\/www.nawayou.ci\/?page_id=96"},"modified":"2026-04-09T23:56:56","modified_gmt":"2026-04-09T23:56:56","slug":"home","status":"publish","type":"page","link":"https:\/\/www.nawayou.ci\/index.php\/home\/","title":{"rendered":"Secondaire"},"content":{"rendered":"\n<p>LABORATOIRE VIRTUEL DE PHYSIQUE-CHIMIE<\/p>\n\n\n\n<p>Applications interactives de simulation des ph\u00e9nom\u00e8nes physiques<\/p>\n\n\n\n<figure class=\"wp-block-table\"><table class=\"has-fixed-layout\"><tbody><tr><td>1er cycle<\/td><td>2nd cycle<\/td><\/tr><tr><td>Classe de 6\u00e8me<\/td><td><\/td><\/tr><tr><td><a href=\"http:\/\/nawayou.ci\/montageSimpleAllumage\/montageSimpleAllumage.html\">Circuit simple allumage<\/a><\/td><td><\/td><\/tr><tr><td><a href=\"http:\/\/nawayou.ci\/circuitSimpleAllumage\/circuitSimpleAllumage.html\">Circuit simple allumage 2<\/a><\/td><td><\/td><\/tr><tr><td><a href=\"http:\/\/nawayou.ci\/CourtCircuit\/CourtCircuit.html\">Court circuit<\/a><\/td><td><\/td><\/tr><tr><td><a href=\"http:\/\/nawayou.ci\/associationLampesEnSerie\/associationLampesEnSerie.html\">association-lampes en s\u00e9rie<\/a><\/td><td><\/td><\/tr><tr><td><a href=\"http:\/\/nawayou.ci\/DangersDuCourtCircuit\/DangersDuCourtCircuit.html\">Dangers du court circuit<\/a><\/td><td><\/td><\/tr><tr><td><a href=\"http:\/\/nawayou.ci\/association2lampesEnSerie\">association 2 lampes en s\u00e9rie<\/a><\/td><td><\/td><\/tr><tr><td><a href=\"http:\/\/nawayou.ci\/ProprietesDesGaz\/ProprietesDesGaz.html\">Propri\u00e9t\u00e9s des gaz<\/a><\/td><td><\/td><\/tr><tr><td><a href=\"http:\/\/nawayou.ci\/amperemetre_avril2026_2\/amperemetre_avril2026_2_HTML5 Canvas.html\">Amp\u00e8rem\u00e8tre<\/a><\/td><td><\/td><\/tr><tr><td><a href=\"http:\/\/nawayou.ci\/productionDeCourant1\/\">production de courant<\/a><\/td><td><\/td><\/tr><tr><td><a href=\"http:\/\/nawayou.ci\/comment2Circuit\/\">commande-de-circuit<\/a><\/td><td><\/td><\/tr><tr><td><a href=\"http:\/\/nawayou.ci\/comment2Circuit\/\"><\/a><a href=\"http:\/\/nawayou.ci\/BoutonPoussoir2\/\">Bouton poussoir2<\/a><\/td><td><\/td><\/tr><tr><td><a href=\"http:\/\/nawayou.ci\/montageEnS\u00e9rie\/montageEnS\u00e9rie.html\">montage en s\u00e9rie<\/a><\/td><td><\/td><\/tr><tr><td><a href=\"http:\/\/nawayou.ci\/MontageEnSerieLampeDefectueuse\/MontageEnSerieLampeDefectueuse.html\">Montage avec lampe d\u00e9fectueuse<\/a><\/td><td><\/td><\/tr><tr><td><a href=\"http:\/\/nawayou.ci\/montageEnD\u00e9rivation\/montageEnDerivation.html\">Montage en d\u00e9rivation<\/a><\/td><td><\/td><\/tr><tr><td><a href=\"http:\/\/nawayou.ci\/allumageAlterne3\/\">allumage alterne<\/a><\/td><td><\/td><\/tr><tr><td><a href=\"http:\/\/nawayou.ci\/pousseeDarchimede\/pousseeDarchimede.html\">pouss\u00e9e d&rsquo;Archim\u00e8de<\/a><\/td><td><\/td><\/tr><tr><td><a href=\"http:\/\/nawayou.ci\/aimant_bille\/aimant_bille.html\">aimant-bille<\/a> d&rsquo;acier<\/td><td><\/td><\/tr><tr><td><a href=\"http:\/\/nawayou.ci\/ressort_forces\/ressort_forces.html\">ressort &#8211; forces<\/a><\/td><td><\/td><\/tr><tr><td><a href=\"http:\/\/nawayou.ci\/equilibre_2_forces\/equilibre_2_forces.html\">\u00e9quilibre de 2 forces<\/a><\/td><td><\/td><\/tr><tr><td><a href=\"http:\/\/nawayou.ci\/adaptationReceptGen\/adaptationReceptGen.html\"><\/a><a href=\"http:\/\/nawayou.ci\/Sens_du_Courant\/Sens_du_Courant.html\">Sens du courant<\/a><\/td><td><\/td><\/tr><tr><td><a href=\"http:\/\/nawayou.ci\/circuitAllumageSimple\/circuitAllumageSimple.html\">circuit-allumage-simple<\/a><\/td><td><\/td><\/tr><tr><td><a href=\"http:\/\/nawayou.ci\/adaptationReceptGen2\/adaptationReceptGen2.html\">adaptation-r\u00e9cepteur-g\u00e9n\u00e9rateur<\/a><\/td><td><\/td><\/tr><tr><td><a href=\"http:\/\/nawayou.ci\/dilatationLineaire3b\/\">dilatation lin\u00e9aire 3b<\/a><\/td><td><\/td><\/tr><tr><td><a href=\"http:\/\/nawayou.ci\/Conducteur_Isolants_avril2026\/\">Conducteurs et Isolants<\/a><\/td><td><\/td><\/tr><tr><td><a href=\"http:\/\/nawayou.ci\/proprieteDuGaz3\/proprieteDuGaz3.html\">propri\u00e9t\u00e9 du gaz 3<\/a><\/td><td><\/td><\/tr><tr><td><a href=\"http:\/\/nawayou.ci\/proprieteDuGaz4\/proprieteDuGaz4.html\">propri\u00e9t\u00e9 du gaz 4<\/a><\/td><td><\/td><\/tr><tr><td><a href=\"http:\/\/nawayou.ci\/LecturAmperemetr_02c_2026\/LecturAmperemetr_02c_2026.html\">Lecture &#8211; amp\u00e8rem\u00e8tre<\/a><\/td><td><\/td><\/tr><tr><td><a href=\"http:\/\/nawayou.ci\/LecturAmperemetr_JSexterne\/LecturAmperemetr_JSexterne.html\">LecturAmperemetr_JSexterne<\/a><\/td><td><\/td><\/tr><tr><td><a href=\"http:\/\/nawayou.ci\/phasesDeLune2_2026\/phasesDeLune2_2026.html\">phases de la lune<\/a><\/td><td><\/td><\/tr><tr><td><a href=\"http:\/\/nawayou.ci\/SimpleAllumage_2026b\/\">Simple allumage &#8211; 4 fiches<\/a><\/td><td><\/td><\/tr><tr><td><a href=\"http:\/\/nawayou.ci\/lesEclipses_2026\/lesEclipses_2026.html\">Les \u00e9clipses<\/a><\/td><td><\/td><\/tr><tr><td>Classe de 3\u00e8me<\/td><td><\/td><\/tr><tr><td><a href=\"http:\/\/nawayou.ci\/projetLentille2\/\">Projet de Lentille 2<\/a><\/td><td><\/td><\/tr><\/tbody><\/table><\/figure>\n\n\n\n<p><\/p>\n","protected":false},"excerpt":{"rendered":"<p>LABORATOIRE VIRTUEL DE PHYSIQUE-CHIMIE Applications interactives de simulation des ph\u00e9nom\u00e8nes physiques 1er cycle 2nd cycle Classe de 6\u00e8me Circuit simple allumage Circuit simple allumage 2 Court circuit association-lampes en s\u00e9rie Dangers du court circuit association 2 lampes en s\u00e9rie Propri\u00e9t\u00e9s des gaz Amp\u00e8rem\u00e8tre production de courant commande-de-circuit Bouton poussoir2 montage en s\u00e9rie Montage avec lampe [&hellip;]<\/p>\n","protected":false},"author":1,"featured_media":0,"parent":0,"menu_order":0,"comment_status":"closed","ping_status":"closed","template":"","meta":{"footnotes":""},"class_list":["post-96","page","type-page","status-publish","hentry"],"_links":{"self":[{"href":"https:\/\/www.nawayou.ci\/index.php\/wp-json\/wp\/v2\/pages\/96","targetHints":{"allow":["GET"]}}],"collection":[{"href":"https:\/\/www.nawayou.ci\/index.php\/wp-json\/wp\/v2\/pages"}],"about":[{"href":"https:\/\/www.nawayou.ci\/index.php\/wp-json\/wp\/v2\/types\/page"}],"author":[{"embeddable":true,"href":"https:\/\/www.nawayou.ci\/index.php\/wp-json\/wp\/v2\/users\/1"}],"replies":[{"embeddable":true,"href":"https:\/\/www.nawayou.ci\/index.php\/wp-json\/wp\/v2\/comments?post=96"}],"version-history":[{"count":58,"href":"https:\/\/www.nawayou.ci\/index.php\/wp-json\/wp\/v2\/pages\/96\/revisions"}],"predecessor-version":[{"id":534,"href":"https:\/\/www.nawayou.ci\/index.php\/wp-json\/wp\/v2\/pages\/96\/revisions\/534"}],"wp:attachment":[{"href":"https:\/\/www.nawayou.ci\/index.php\/wp-json\/wp\/v2\/media?parent=96"}],"curies":[{"name":"wp","href":"https:\/\/api.w.org\/{rel}","templated":true}]}}